279
What are the prime factors of 7330?
2, 5, 733
What are the prime factors of 42180?
2, 3, 5, 19, 37
List the prime factors of 21701.
21701
What are the prime factors of 339?
3, 113
What are the prime factors of 326?
2, 163
List the prime factors of 53266.
2, 26633
List the prime factors of 940.
2, 5, 47
What are the prime factors of 51550?
2, 5, 1031
What are the prime factors of 212?
2, 53
What are the prime factors of 14065?
5, 29, 97
What are the prime factors of 6044?
2, 1511
What are the prime factors of 63641?
23, 2767
What are the prime factors of 102206?
2, 13, 3931
List the prime factors of 16051.
7, 2293
List the prime factors of 100863.
3, 7, 1601
What are the prime factors of 4275?
3, 5, 19
List the prime factors of 1908.
2, 3, 53
List the prime factors of 93599.
11, 67, 127
What are the prime factors of 149466?
2, 3, 29, 859
List the prime factors of 5165.
5, 1033
What are the prime factors of 6480?
2, 3, 5
What are the prime factors of 142971?
3, 47657
What are the prime factors of 2469?
3, 823
What are the prime factors of 1760?
2, 5, 11
List the prime factors of 4116.
2, 3, 7
List the prime factors of 5967.
3, 13, 17
What are the prime factors of 118?
2, 59
What are the prime factors of 22412?
2, 13, 431
What are the prime factors of 12084?
2, 3, 19, 53
List the prime factors of 2280.
2, 3, 5, 19
What are the prime factors of 4167?
3, 463
List the prime factors of 8356.
2, 2089
List the prime factors of 852.
2, 3, 71
What are the prime factors of 1415?
5, 283
What are the prime factors of 506?
2, 11, 23
What are the prime factors of 21047?
13, 1619
List the prime factors of 50546.
2, 127, 199
List the prime factors of 2943.
3, 109
What are the prime factors of 52455?
3, 5, 13, 269
What are the prime factors of 39260?
2, 5, 13, 151
List the prime factors of 49978.
2, 24989
List the prime factors of 1667.
1667
List the prime factors of 44514.
2, 3, 2473
List the prime factors of 6010.
2, 5, 601
List the prime factors of 75361.
11, 13, 17, 31
What are the prime factors of 43788?
2, 3, 41, 89
List the prime factors of 2360.
2, 5, 59
List the prime factors of 11415.
3, 5, 761
List the prime factors of 50999.
13, 3923
What are the prime factors of 968?
2, 11
What are the prime factors of 827?
827
List the prime factors of 178.
2, 89
What are the prime factors of 8024?
2, 17, 59
List the prime factors of 12227.
12227
List the prime factors of 41401.
19, 2179
What are the prime factors of 692?
2, 173
List the prime factors of 3612.
2, 3, 7, 43
List the prime factors of 9410.
2, 5, 941
List the prime factors of 24644.
2, 61, 101
List the prime factors of 11085.
3, 5, 739
What are the prime factors of 156?
2, 3, 13
List the prime factors of 7300.
2, 5, 73
List the prime factors of 607.
607
What are the prime factors of 4225?
5, 13
What are the prime factors of 5717?
5717
List the prime factors of 64768.
2, 11, 23
List the prime factors of 926.
2, 463
List the prime factors of 18931.
11, 1721
What are the prime factors of 13013?
7, 11, 13
List the prime factors of 6872.
2, 859
List the prime factors of 13275.
3, 5, 59
List the prime factors of 254.
2, 127
What are the prime factors of 5082?
2, 3, 7, 11
What are the prime factors of 46308?
2, 3, 17, 227
What are the prime factors of 3196?
2, 17, 47
What are the prime factors of 44000?
2, 5, 11
What are the prime factors of 813?
3, 271
List the prime factors of 6840.
2, 3, 5, 19
What are the prime factors of 99?
3, 11
What are the prime factors of 63629?
63629
What are the prime factors of 1646?
2, 823
What are the prime factors of 8349?
3, 11, 23
List the prime factors of 23918.
2, 11959
List the prime factors of 31641.
3, 53, 199
What are the prime factors of 18828?
2, 3, 523
List the prime factors of 257.
257
List the prime factors of 4605.
3, 5, 307
What are the prime factors of 22318?
2, 11159
What are the prime factors of 18677?
19, 983
What are the prime factors of 5068?
2, 7, 181
List the prime factors of 8954.
2, 11, 37
What are the prime factors of 1443?
3, 13, 37
List the prime factors of 8149.
29, 281
List the prime factors of 12066.
2, 3, 2011
List the prime factors of 4807.
11, 19, 23
What are the prime factors of 33304?
2, 23, 181
What are the prime factors of 14736?
2, 3, 307
List the prime factors of 991.
991
List the prime factors of 5014.
2, 23, 109
What are the prime factors of 1582?
2, 7, 113
List the prime factors of 27082.
2, 11, 1231
List the prime factors of 970.
2, 5, 97
List the prime factors of 1815.
3, 5, 11
What are the prime factors of 3237?
3, 13, 83
List the prime factors of 8621.
37, 233
What are the prime factors of 72149?
7, 11, 937
List the prime factors of 17577.
3, 7, 31
What are the prime factors of 55893?
3, 31, 601
List the prime factors of 113955.
3, 5, 71, 107
List the prime factors of 19312.
2, 17, 71
List the prime factors of 5684.
2, 7, 29
List the prime factors of 1858.
2, 929
What are the prime factors of 981?
3, 109
List the prime factors of 406.
2, 7, 29
List the prime factors of 369.
3, 41
What are the prime factors of 3521?
7, 503
List the prime factors of 6802.
2, 19, 179
List the prime factors of 464.
2, 29
What are the prime factors of 9839?
9839
List the prime factors of 575.
5, 23
What are the prime factors of 13857?
3, 31, 149
What are the prime factors of 29620?
2, 5, 1481
What are the prime factors of 96681?
3, 13, 37, 67
List the prime factors of 4175.
5, 167
What are the prime factors of 1701?
3, 7
What are the prime factors of 43454?
2, 21727
What are the prime factors of 11883?
3, 17, 233
List the prime factors of 116680.
2, 5, 2917
What are the prime factors of 16970?
2, 5, 1697
List the prime factors of 32353.
32353
What are the prime factors of 61786?
2, 30893
List the prime factors of 9525.
3, 5, 127
List the prime factors of 1437.
3, 479
What are the prime factors of 540?
2, 3, 5
What are the prime factors of 148?
2, 37
What are the prime factors of 2937?
3, 11, 89
List the prime factors of 21824.
2, 11, 31
What are the prime factors of 386?
2, 193
What are the prime factors of 46100?
2, 5, 461
List the prime factors of 2534.
2, 7, 181
What are the prime factors of 386?
2, 193
List the prime factors of 38548.
2, 23, 419
List the prime factors of 2639.
7, 13, 29
List the prime factors of 14326.
2, 13, 19, 29
List the prime factors of 1493.
1493
List the prime factors of 33034.
2, 83, 199
List the prime factors of 2663.
2663
List the prime factors of 60022.
2, 30011
What are the prime factors of 24575?
5, 983
List the prime factors of 1033.
1033
List the prime factors of 919.
919
What are the prime factors of 16173?
3, 599
List the prime factors of 4301.
11, 17, 23
What are the prime factors of 130788?
2, 3, 7, 173
List the prime factors of 71783.
23, 3121
What are the prime factors of 935?
5, 11, 17
What are the prime factors of 3848?
2, 13, 37
List the prime factors of 85656.
2, 3, 43, 83
List the prime factors of 354.
2, 3, 59
What are the prime factors of 15792?
2, 3, 7, 47
List the prime factors of 4332.
2, 3, 19
What are the prime factors of 1148?
2, 7, 41
What are the prime factors of 3010?
2, 5, 7, 43
What are the prime factors of 43172?
2, 43, 251
What are the prime factors of 167002?
2, 11, 7591
What are the prime factors of 1113?
3, 7, 53
List the prime factors of 10102.
2, 5051
List the prime factors of 1019.
1019
List the prime factors of 175623.
3, 7, 8363
List the prime factors of 7629.
3, 2543
What are the prime factors of 3983?
7, 569
What are the prime factors of 914?
2, 457
List the prime factors of 463.
463
What are the prime factors of 4835?
5, 967
What are the prime factors of 31616?
2, 13, 19
List the prime factors of 222.
2, 3, 37
List the prime factors of 2851.
2851
List the prime factors of 20891.
13, 1607
List the prime factors of 3045.
3, 5, 7, 29
List the prime factors of 6320.
2, 5, 79
What are the prime factors of 84168?
2, 3, 7, 167
List the prime factors of 1099.
7, 157
What are the prime factors of 2270?
2, 5, 227
List the prime factors of 28690.
2, 5, 19, 151
What are the prime factors of 16474?
2, 8237
What are the prime factors of 1879?
1879
List the prime factors of 29593.
101, 293
What are the prime factors of 10807?
101, 107
What are the prime factors of 170438?
2, 31, 2749
Wh